*r - 32. Calculate the highest common factor of 256 and r.
8
Let w(a) = 8*a**3 - 7*a**2 + 149*a - 1116. Let h be w(7). Calculate the highest common factor of h and 288.
24
Let t be 104*((-3122)/669)/(((-16)/15)/4). Calculate the greatest common factor of t and 650.
130
Suppose -5*c - 18 = -c - 2*i, i + 19 = -5*c. Let y(n) = 27*n**2 - 11*n - 21. Let b be y(c). What is the highest common factor of b and 91?
91
Suppose -48*p + 4*a - 3868 = -51*p, 5179 = 4*p + a. What is the greatest common factor of p and 16?
16
Suppose 116*l - 47*l - 56*l - 51272 = 0. Calculate the greatest common divisor of 17 and l.
17
Let o = -5045 - -6949. Calculate the greatest common divisor of o and 64.
16
Let m(w) = 4*w**2 - 5*w - 8. Let x(j) = 85*j - 89*j - 6 - 2. Let q be x(-3). Let d be m(q). Calculate the greatest common factor of d and 4.
4
Suppose 16 = 4*b, 2*y - 107 = 5*b + 225. What is the highest common factor of y and 624?
16
Let n be (-44)/(-10)*-3*(-20)/6. Let w = 592 - 262. Suppose -7*o + w = -4*o. What is the greatest common factor of o and n?
22
Suppose 0 = 15*l - 3155 - 1720. What is the highest common divisor of l and 4420?
65
Let f = -9648 - -9798. What is the greatest common factor of f and 12525?
75
Let g = 15 + -14. Let c(j) = 4*j**2. Let x be c(g). Suppose -t = x*t - 65. What is the highest common factor of 65 and t?
13
Let q = 0 - 2. Let g(a) be the second derivative of 2*a**4/3 - a**3/6 - 141*a + 4. Let s be g(q). What is the highest common divisor of s and 374?
34
Let n = 11 - -5. Suppose -11*r + n = -3*r. Let p be 2 + ((-33)/r)/((-1)/2). What is the greatest common factor of 5 and p?
5
Let g be (-34)/((-15)/((-2430)/12)). Let m = -409 - g. What is the highest common factor of 225 and m?
25
Suppose 719*f - 630*f = 35244. What is the highest common factor of f and 561?
33
Suppose -3*m = d - 3*d + 984, -2443 = -5*d - m. Let v = d - 346. Let x(z) = -135*z - 1999. Let n be x(-15). What is the highest common factor of n and v?
13
Let j(x) = -6*x**3 + 19*x**2 - 2*x + 8. Let k be j(3). What is the greatest common divisor of k and 20229?
11
Suppose 5*n - 4*t - 3883 = -3775, 0 = 4*n - t - 82. Calculate the highest common factor of n and 1130.
10
Let o be ((-4824)/48)/(15/(-40)). Calculate the highest common divisor of o and 1742.
134
Let k = 15605 - 15537. What is the highest common divisor of 3383 and k?
17
Let a = -3017 + 3031. Let s be 0 - 3/(-1 + 4). Let b be 1/((-1)/s)*182. Calculate the greatest common divisor of b and a.
14
Let g = 752 - 388. Suppose 6*v = 19*v - g. What is the greatest common divisor of v and 308?
28
Let h be ((-17112)/(-279))/((-2)/(-99)). What is the highest common divisor of 33 and h?
33
Suppose 243 - 1886 = -31*m. Suppose 0 = 73*g - 64*g - 15264. Calculate the greatest common divisor of m and g.
53
Let q be ((-1972)/16)/(103/(-1648)). What is the greatest common factor of 68 and q?
68
Let d = 16037 + -15429. Let r = 9 - -55. Calculate the greatest common divisor of r and d.
32
Let d(y) = 8*y**2 - 15*y + 47. Let a be d(7). Suppose 2*g + 262 = 4*h + 6, -3*g = 4*h + a. Let q = g - -156. Calculate the highest common factor of 76 and q.
38
Let m(t) = 161*t + 252. Let y be m(20). What is the highest common factor of 1953 and y?
217
Let i be 0/(-15) + -7 - -8532. What is the greatest common factor of 62 and i?
31
Suppose -15*u - 36 = -27*u. Let z(f) = f. Suppose 3*j + 16 = 5*v, 3*j - 5*v + 2*v + 6 = 0. Let q be z(j). Calculate the greatest common divisor of q and u.
3
Suppose 442*l - 423*l - 94164 = 0. Calculate the highest common divisor of 84 and l.
84
Suppose 6*n + 13 = 49. Suppose 100 = 5*m - 45. Suppose 4*u - 43 = m. What is the highest common factor of n and u?
6
Let n be (-12992)/8352 - 25817/(-9). Calculate the greatest common factor of 188 and n.
47
Let i(l) = 2*l + 11*l - 10*l. Let p be i(2). Suppose j - 148 = -3*x - 0*x, -4*x - 4*j = -208. Calculate the greatest common factor of p and x.
6
Let o = 29462 + -29364. Calculate the greatest common divisor of o and 322.
14
Let d be (10/(-3))/((-7)/63). Suppose 53*u + 2*k = 57*u - 68, u + 3*k - 3 = 0. What is the greatest common divisor of d and u?
15
Let o = -16 + 40. Suppose 8*d + 4*d = o. Let t be (3 - d/2) + -4 - -10. What is the highest common factor of t and 40?
8
Suppose 0 = -3*q + 2*m + 310 + 322, 0 = q + m - 219. Suppose 0 = 209*w - q*w + 325. Calculate the highest common divisor of 15 and w.
5
Let m(h) = -h**2 + 2. Let c be m(2). Let i be 2583/41 - (c + 1). Calculate the highest common divisor of i and 160.
32
Suppose -5*i - 4*s + 31950 - 4459 = 0, 5503 = i + 2*s. What is the highest common divisor of 35 and i?
35
Suppose -5*b = -5*v + 160, -2203 + 2299 = 3*v - 2*b. Calculate the highest common factor of 976 and v.
16
Let a(s) = -2*s**2 - 135*s + 1386. Let z be a(9). What is the greatest common factor of z and 2796?
3
Let j = -5242 + 6919. Calculate the highest common divisor of 117 and j.
39
Let s be -1*2/4 + (-1020)/(-24). Let d be ((-4)/(-5))/((-12)/30). Let p be (-3 - -1) + d + 109. Calculate the greatest common factor of s and p.
21
Suppose -8*z = z - 1512. What is the greatest common divisor of z and 144?
24
Suppose -s - 87 = -126. Suppose 3*u - 103 = -6*j + 5*j, -289 = -3*j - 4*u. What is the greatest common factor of j and s?
13
Let o = 382 - 217. Let v(m) = -12*m + 8. Let l be v(-3). What is the greatest common divisor of l and o?
11
Suppose 490*y - 495*y = 3520. Let b = -628 - y. Suppose -1 = -3*x + 56. Calculate the highest common factor of x and b.
19
Let t be 4/(-14) - (-24025)/(-217). Let i = t - -120. What is the greatest common factor of i and 1?
1
Suppose -2*z + 23 = -a, 3*z + 43 = 7*z - 3*a. Suppose -4*x + 76 = -4*i, z + 3 = x + 2*i. Calculate the highest common divisor of x and 48.
6
Suppose 0 = 3*u + 3*a + 160 - 859, 3*a + 501 = 2*u. What is the greatest common divisor of u and 640?
80
Suppose 2*m + 2*m = 0. Suppose a - u + 18 - 42 = m, a = -u + 26. Suppose a*g = 18*g + 217. What is the greatest common factor of g and 62?
31
Let r(k) = k**2 - 12*k + 5. Let y be r(12). Let t be 807/y - (-3)/5. Let f = 163 - 145. What is the highest common divisor of t and f?
18
Let l = -5336 + 5462. What is the greatest common divisor of l and 216?
18
Suppose 4*b - 48 = 4*g, 29 - 82 = -4*b + 5*g. Let l be -7 - (-35)/b - 1*19. Let y be 15 + 0 + (-17 - l). Calculate the highest common factor of y and 152.
19
Let k be (9/(-2))/((-21)/392). Let w = 947 + -884. What is the greatest common factor of w and k?
21
Let v(q) = -q**3 + 9*q**2 - 6*q - 10. Let b be v(8). Suppose -4*s + 9*s - 30 = 0. What is the greatest common factor of b and s?
6
Let c = 3508 - 3116. What is the greatest common divisor of c and 8?
8
Let r(o) = -19*o**2 + 56*o + 2. Let n be r(7). Let m = n - -753. Let w be ((-8)/5)/((-1)/15). Calculate the highest common divisor of m and w.
24
Let b(s) = -2*s - 2. Let l be b(-8). Let c(p) = 81*p - 469. Let y be c(7). Calculate the highest common divisor of l and y.
14
Suppose 5 - 4 = x, 3*u - x - 62 = 0. Let b = 404 + -398. What is the greatest common factor of b and u?
3
Let j(b) = -6*b**3 - 3*b**2 + 5*b - 30. Let g be j(-15). Let s be ((-2)/5*-4)/(118/g). Calculate the greatest common divisor of 33 and s.
33
Suppose 2*q - 28 = -0. Let c be ((-16)/6 + 2)/(28/(-84)). Let r be c - (-27)/6*12. Calculate the greatest common factor of r and q.
14
Suppose -j + 6*j = 5*c - 405, -j + 405 = 5*c. Suppose -2*v - 5*k = -57, 3*k - 4*k = -4*v + c. Calculate the highest common factor of v and 84.
21
Let j = 19579 + -19341. Calculate the highest common factor of 196 and j.
14
Suppose i = -3*r + 5944, 425*i + 2*r + 17777 = 428*i. What is the greatest common factor of i and 49?
49
Suppose 2*y = 29*y + 31*y - 104690. What is the greatest common divisor of y and 285?
95
Let z = 7076 + -6916. Calculate the greatest common factor of z and 1180.
20
Suppose -c + 12 = -17. Let o(k) = 4*k**2 + k + 11. Let q = -151 - -156. Let g be o(q). Calculate the highest common factor of c and g.
29
Let g be (2/(-3))/(((-24)/(-18))/4). Let n be g/11 + (-1 - 3370/(-22)). Let z(m) = -4*m - 9. Let v be z(-7). What is the greatest common divisor of v and n?
19
Let k = 2919 - -1497. Calculate the greatest common factor of k and 138.
138
Suppose 117*j + 573 = -5*j + 4843. Calculate the highest common di